{"id":1031,"date":"2025-10-27T20:17:16","date_gmt":"2025-10-27T20:17:16","guid":{"rendered":"https:\/\/www.arti-fikir.com\/?page_id=1031"},"modified":"2025-10-27T20:17:16","modified_gmt":"2025-10-27T20:17:16","slug":"sirkuler-no-2025-37-tasit-disindaki-menkul-satislarinda-yabanci-para-cinsinden-odeme-yasagi-kaldirilmistir","status":"publish","type":"page","link":"http:\/\/www.arti-fikir.com\/index.php\/sirkuler-no-2025-37-tasit-disindaki-menkul-satislarinda-yabanci-para-cinsinden-odeme-yasagi-kaldirilmistir\/","title":{"rendered":"Sirk\u00fcler No: 2025\/37 TA\u015eIT DI\u015eINDAK\u0130 MENKUL SATI\u015eLARINDA YABANCI PARA C\u0130NS\u0130NDEN \u00d6DEME YASA\u011eI KALDIRILMI\u015eTIR"},"content":{"rendered":"\n<p><strong>TA\u015eIT DI\u015eINDAK\u0130 MENKUL SATI\u015eLARINDA YABANCI PARA C\u0130NS\u0130NDEN \u00d6DEME YASA\u011eI KALDIRILMI\u015eTIR<\/strong><\/p>\n\n\n\n<p>Sirk\u00fcler No: 2025\/37 \u0130stanbul, 06.03.2025<\/p>\n\n\n\n<p>2025-32\/72 T\u00fcrk Paras\u0131 K\u0131ymetini Koruma Hakk\u0131nda 32 Say\u0131l\u0131 Karara \u0130li\u015fkin Tebli\u011f (Tebli\u011f No: 2008-32\/34)&#8217;de De\u011fi\u015fiklik Yap\u0131lmas\u0131na Dair Tebli\u011f (RG: 6.3.2025-32833) ile, 2028-32\/34 say\u0131l\u0131 T\u00fcrk Paras\u0131 K\u0131ymetini Koruma Hakk\u0131nda 32 Say\u0131l\u0131 Karara \u0130li\u015fkin Tebli\u011f&#8217;de yap\u0131lan de\u011fi\u015fiklikle, ta\u015f\u0131t d\u0131\u015f\u0131ndaki menkullerin sat\u0131\u015f bedellerinin yabanc\u0131 para cinsinden tahsilat\u0131 yasa\u011f\u0131 <strong>6.3.2025 itibariyle kald\u0131r\u0131lm\u0131\u015ft\u0131r.<\/strong><\/p>\n\n\n\n<p>Hat\u0131rlanaca\u011f\u0131 \u00fczere; 19\/04\/2022 tarihli ve 31814 say\u0131l\u0131 Resmi Gazete&#8217;de yay\u0131mlanan 2022-32\/66 say\u0131l\u0131 Tebli\u011f ile, ta\u015f\u0131t d\u0131\u015f\u0131ndaki menkul sat\u0131\u015f s\u00f6zle\u015fmelerinde bedelin yabanc\u0131 para cinsinden belirlenebilecek olmas\u0131na kar\u015f\u0131n \u00f6deme\/tahsilat\u0131n yabanc\u0131 para cinsinden yap\u0131lmas\u0131 yasaklanm\u0131\u015f, T\u00fcrk Liras\u0131 ile yap\u0131lmas\u0131 zorunlu k\u0131l\u0131nm\u0131\u015ft\u0131r.<\/p>\n\n\n\n<p>Y\u00fcr\u00fcrl\u00fc\u011fe girdi\u011fi 19\/04\/2022 tarihinden bu yana ticari hayat\u0131 olumsuz etkileyen bu d\u00fczenleme nihayet yukar\u0131da belirtilen Tebli\u011f ile kald\u0131r\u0131lm\u0131\u015ft\u0131r. Buna g\u00f6re:<\/p>\n\n\n\n<ul>\n<li>Sat\u0131\u015f tarihinin ne zaman oldu\u011funa bak\u0131lmaks\u0131z\u0131n, menkul sat\u0131\u015f s\u00f6zle\u015fmeleri kapsam\u0131nda <strong>6.3.2025 tarihinden itibaren yap\u0131lacak t\u00fcm \u00f6deme ve tahsilatlar d\u00f6viz cinsinden yap\u0131labilecektir.<\/strong><\/li>\n\n\n\n<li>Ta\u015f\u0131t s\u00f6zle\u015fmeleri ve bunlar\u0131n \u00f6deme\/tahsilatlar\u0131 ise eskiden oldu\u011fu gibi <strong>T\u00fcrk Liras\u0131 cinsinden yap\u0131lmaya devam edilecektir.<\/strong><\/li>\n<\/ul>\n\n\n\n<p>An\u0131lan Tebli\u011f ile yap\u0131lan bir ba\u015fka de\u011fi\u015fiklikle, 2008\/32-34 say\u0131l\u0131 Tebli\u011fin 9 ncu maddesinin 15 nci f\u0131kras\u0131nda yer alan &#8220;kararla\u015ft\u0131r\u0131lmas\u0131, \u00f6denmesi ve kabul edilmesi&#8221; ibaresindeki &#8220;\u00f6denmesi ve kabul edilmesi&#8221; ibareleri kald\u0131r\u0131larak, sadece bir ibare d\u00fczeltmesi yap\u0131lm\u0131\u015ft\u0131r. Bu f\u0131kraya g\u00f6re kamu kurum ve kurulu\u015flar\u0131n\u0131n veya T\u00fcrk Silahl\u0131 Kuvvetlerini G\u00fc\u00e7lendirme Vakf\u0131 \u015firketleri ile End\u00fcstriyel Yetkinlik De\u011ferlendirme ve Destekleme Program\u0131 (EYDEP) kapsam\u0131nda (A) veya (B) seviye sertifikaya sahip olan \u015firketlerin taraf oldu\u011fu gayrimenkul sat\u0131\u015f ve gayrimenkul kiralama d\u0131\u015f\u0131nda kalan s\u00f6zle\u015fmelerde, s\u00f6zle\u015fme bedelinin ve bu s\u00f6zle\u015fmelerden kaynaklanan di\u011fer \u00f6deme y\u00fck\u00fcml\u00fcl\u00fcklerin d\u00f6viz cinsinden veya d\u00f6vize endeksli olarak kararla\u015ft\u0131r\u0131lmas\u0131, \u00f6denmesi ve kabul edilmesi zaten m\u00fcmk\u00fcnken, f\u0131kradaki &#8220;\u00f6denmesi ve kabul edilmesi&#8221; kald\u0131r\u0131larak sonucu etkilemeyen bir ibare d\u00fczeltmesi yap\u0131lm\u0131\u015f olmaktad\u0131r.<\/p>\n\n\n\n<p>Tebli\u011f ile yap\u0131lan de\u011fi\u015fiklikleri ilgili d\u00fczenlemelerin \u00f6ncesi ve sonras\u0131 olarak g\u00f6steren tablo a\u015fa\u011f\u0131da g\u00f6sterilmi\u015ftir.<\/p>\n\n\n\n<p>Sayg\u0131lar\u0131m\u0131zla.<\/p>\n","protected":false},"excerpt":{"rendered":"<p>TA\u015eIT DI\u015eINDAK\u0130 MENKUL SATI\u015eLARINDA YABANCI PARA C\u0130NS\u0130NDEN \u00d6DEME YASA\u011eI KALDIRILMI\u015eTIR Sirk\u00fcler No: 2025\/37 \u0130stanbul, 06.03.2025 2025-32\/72 T\u00fcrk Paras\u0131 K\u0131ymetini Koruma Hakk\u0131nda 32 Say\u0131l\u0131 Karara \u0130li\u015fkin Tebli\u011f (Tebli\u011f No: 2008-32\/34)&#8217;de De\u011fi\u015fiklik Yap\u0131lmas\u0131na Dair Tebli\u011f (RG: 6.3.2025-32833) ile, 2028-32\/34 say\u0131l\u0131 T\u00fcrk Paras\u0131 K\u0131ymetini Koruma Hakk\u0131nda 32 Say\u0131l\u0131 Karara \u0130li\u015fkin Tebli\u011f&#8217;de yap\u0131lan de\u011fi\u015fiklikle, ta\u015f\u0131t d\u0131\u015f\u0131ndaki menkullerin sat\u0131\u015f bedellerinin&#8230;<\/p>\n","protected":false},"author":3,"featured_media":0,"parent":0,"menu_order":0,"comment_status":"closed","ping_status":"closed","template":"","meta":{"_kad_post_transparent":"","_kad_post_title":"","_kad_post_layout":"","_kad_post_sidebar_id":"","_kad_post_content_style":"","_kad_post_vertical_padding":"","_kad_post_feature":"","_kad_post_feature_position":"","_kad_post_header":false,"_kad_post_footer":false,"_kad_post_classname":"","footnotes":""},"_links":{"self":[{"href":"http:\/\/www.arti-fikir.com\/index.php\/wp-json\/wp\/v2\/pages\/1031"}],"collection":[{"href":"http:\/\/www.arti-fikir.com\/index.php\/wp-json\/wp\/v2\/pages"}],"about":[{"href":"http:\/\/www.arti-fikir.com\/index.php\/wp-json\/wp\/v2\/types\/page"}],"author":[{"embeddable":true,"href":"http:\/\/www.arti-fikir.com\/index.php\/wp-json\/wp\/v2\/users\/3"}],"replies":[{"embeddable":true,"href":"http:\/\/www.arti-fikir.com\/index.php\/wp-json\/wp\/v2\/comments?post=1031"}],"version-history":[{"count":1,"href":"http:\/\/www.arti-fikir.com\/index.php\/wp-json\/wp\/v2\/pages\/1031\/revisions"}],"predecessor-version":[{"id":1032,"href":"http:\/\/www.arti-fikir.com\/index.php\/wp-json\/wp\/v2\/pages\/1031\/revisions\/1032"}],"wp:attachment":[{"href":"http:\/\/www.arti-fikir.com\/index.php\/wp-json\/wp\/v2\/media?parent=1031"}],"curies":[{"name":"wp","href":"https:\/\/api.w.org\/{rel}","templated":true}]}}