{"id":1072,"date":"2025-11-13T20:31:51","date_gmt":"2025-11-13T20:31:51","guid":{"rendered":"https:\/\/www.arti-fikir.com\/?page_id=1072"},"modified":"2025-11-13T20:31:51","modified_gmt":"2025-11-13T20:31:51","slug":"sirkuler-no-2025-056-kdv-genel-uygulama-tebliginde-degisiklikler-yapilmasina-dair-teblig-yayimlanmistir","status":"publish","type":"page","link":"http:\/\/www.arti-fikir.com\/index.php\/sirkuler-no-2025-056-kdv-genel-uygulama-tebliginde-degisiklikler-yapilmasina-dair-teblig-yayimlanmistir\/","title":{"rendered":"Sirk\u00fcler No: 2025-056 KDV GENEL UYGULAMA TEBL\u0130\u011e\u0130NDE DE\u011e\u0130\u015e\u0130KL\u0130KLER YAPILMASINA DA\u0130R TEBL\u0130\u011e YAYIMLANMI\u015eTIR"},"content":{"rendered":"\n<p><\/p>\n\n\n\n<p><strong>KDV GENEL UYGULAMA TEBL\u0130\u011e\u0130NDE DE\u011e\u0130\u015e\u0130KL\u0130KLER YAPILMASINA DA\u0130R TEBL\u0130\u011e YAYIMLANMI\u015eTIR<\/strong><br><br><strong>(55 Seri No.lu KDV Tebli\u011fi)<\/strong><br><br>04.09.2025 tarihli ve 33007 say\u0131l\u0131 Resmi Gazetede yay\u0131mlanan&nbsp;<a href=\"https:\/\/gib.gov.tr\/mevzuat\/kanun\/436\/teblig\/11825\">55 Seri No.lu Tebli\u011f&nbsp;<\/a>&nbsp;ile KDV Genel Uygulama Tebli\u011finde de\u011fi\u015fiklikler yap\u0131lm\u0131\u015ft\u0131r.<br><br>Tebli\u011fde s\u0131ras\u0131yla;<\/p>\n\n\n\n<ul>\n<li>Petrol arama faaliyetinde bulunanlara yap\u0131lan teslim ve hizmetlerde KDV istisnas\u0131 (Madde 1),<\/li>\n\n\n\n<li>Savunma sanayi projelerine y\u00f6nelik teslim ve hizmetlerde KDV istisnas\u0131 (Madde 2),<\/li>\n\n\n\n<li>Milli savunma ve i\u00e7 g\u00fcvenlikle ilgili ta\u015f\u0131t teslimlerinde KDV istisnas\u0131 (Madde 3),<\/li>\n\n\n\n<li>\u0130malat ve turizm yatirimlarinda KDV istisna s\u00fcresinin uzat\u0131lmas\u0131 (Madde 4)<\/li>\n\n\n\n<li>Mazbut vak\u0131flar ve kamu ta\u015finmaz i\u015flemlerinde KDV istisnas\u0131 (Madde 5),<\/li>\n\n\n\n<li>Petrol \u00fcr\u00fcnleri ithalat\u0131nda hesaplanan \u00d6TV teminatinin KDV matrahina dahil edilmesi (Madde 6),<\/li>\n\n\n\n<li>Amortismana tabi iktisadi k\u0131ymetlerde (AT\u0130K) iade uygulamas\u0131 (Madde 7\/a),<\/li>\n\n\n\n<li>\u0130ade Hakk\u0131 Do\u011furan \u0130\u015flemlerde \u0130ade Talebinde Bulunabilecek Asgari Tutar (Madde 7\/b)<\/li>\n<\/ul>\n\n\n\n<p>konular\u0131nda a\u00e7\u0131klamalar yap\u0131lm\u0131\u015ft\u0131r.<\/p>\n\n\n\n<p>Yay\u0131m tarihi itibariyle y\u00fcr\u00fcrl\u00fc\u011fe girmi\u015f olan 55 Seri No.lu KDV Tebli\u011fine ili\u015fkin a\u00e7\u0131klamalar\u0131m\u0131z a\u015fa\u011f\u0131daki gibidir:<\/p>\n\n\n\n<ol>\n<li><strong>Petrol Arama Faaliyetinde Bulunanlara Yap\u0131lan Teslim ve Hizmetlerde KDV \u0130stisnas\u0131 (KDVK Madde 13\/c):<\/strong><\/li>\n<\/ol>\n\n\n\n<p>Tebli\u011f ile KDV Genel Uygulama Tebli\u011finin petrol arama faaliyetlerinde istisna uygulamas\u0131na ili\u015fkin (II\/B-3.1.2.) b\u00f6l\u00fcm\u00fcn\u00fcn \u00fc\u00e7\u00fcnc\u00fc paragraf\u0131n\u0131n sonuna \u201c<em>Onaylanan bu liste Genel M\u00fcd\u00fcrl\u00fck\u00e7e Gelir \u0130daresi Ba\u015fkanl\u0131\u011f\u0131na elektronik ortamda g\u00f6nderilir<\/em>\u201d c\u00fcmlesi eklenmi\u015ftir.<\/p>\n\n\n\n<p>S\u00f6z konusu paragraf\u0131n g\u00fcncel hali a\u015fa\u011f\u0131da g\u00f6sterilmi\u015ftir;<\/p>\n\n\n\n<p>\u201c<em>\u0130stisna kapsam\u0131nda m\u00fcnhas\u0131ran petrol arama faaliyetlerinde kullan\u0131lmak \u00fczere sarf malzemesi niteli\u011finde olan malzemeler ile hizmet al\u0131m\u0131nda bulunan ilgili ki\u015fi ve kurulu\u015flarca, bu mal ve hizmetlere ili\u015fkin fatura bilgilerini i\u00e7eren bir liste haz\u0131rlan\u0131r ve faturan\u0131n d\u00fczenlendi\u011fi ay\u0131 takip eden ay\u0131n 10 uncu g\u00fcn\u00fcne kadar Petrol \u0130\u015fleri Genel M\u00fcd\u00fcrl\u00fc\u011f\u00fcne verilir. Petrol \u0130\u015fleri Genel M\u00fcd\u00fcrl\u00fc\u011f\u00fcnce bu liste yedi g\u00fcn i\u00e7inde incelenerek onaylan\u0131r.&nbsp;<u>Onaylanan bu liste Genel M\u00fcd\u00fcrl\u00fck\u00e7e Gelir \u0130daresi Ba\u015fkanl\u0131\u011f\u0131na elektronik ortamda g\u00f6nderilir.<\/u><\/em>\u201d<\/p>\n\n\n\n<ol start=\"2\">\n<li><strong>Savunma Sanayi Projelerine Y\u00f6nelik Teslim ve Hizmetlerde KDV \u0130stisnas\u0131 (KDVK Madde 13\/f):<\/strong><\/li>\n<\/ol>\n\n\n\n<p>KDV Genel Uygulama Tebli\u011finin (II\/B-7.1.) b\u00f6l\u00fcm\u00fcnde yap\u0131lan de\u011fi\u015fiklikle, Mill\u00ee Savunma Bakanl\u0131\u011f\u0131 veya Savunma Sanayii Ba\u015fkanl\u0131\u011f\u0131 taraf\u0131ndan savunma sanayii projesi olarak onaylan\u0131p ihrac\u0131na izin verilen; u\u00e7ak, helikopter, gemi, denizalt\u0131, tank, panzer, z\u0131rhl\u0131 personel ta\u015f\u0131y\u0131c\u0131, roket, f\u00fcze gibi ara\u00e7lar\u0131n imalat\u0131n\u0131 \u00fcstlenen y\u00fcklenici firmalara bu imalata ili\u015fkin yap\u0131lacak mal teslimleri ve hizmet ifalar\u0131n\u0131n KDV Kanununun 13\/f maddesi kapsam\u0131nda KDV\u2019den istisna olaca\u011f\u0131 belirtilmi\u015ftir.<\/p>\n\n\n\n<ol start=\"3\">\n<li><strong>Milli Savunma ve \u0130\u00e7 G\u00fcvenlikle \u0130lgili Ta\u015f\u0131t Teslimlerinde KDV \u0130stisnas\u0131 (KDVK Madde 13\/o):<\/strong><\/li>\n<\/ol>\n\n\n\n<p>KDV Kanununun 13\u2019\u00fcnc\u00fc maddesine 7555 say\u0131l\u0131 Kanunla eklenen (o) bendi uyar\u0131nca, yaln\u0131zca milli savunma ve i\u00e7 g\u00fcvenlik ihtiya\u00e7lar\u0131nda kullan\u0131lmak \u00fczere; Mill\u00ee Savunma Bakanl\u0131\u011f\u0131, \u0130\u00e7i\u015fleri Bakanl\u0131\u011f\u0131, Savunma Sanayii Ba\u015fkanl\u0131\u011f\u0131 ve Mill\u00ee \u0130stihbarat Te\u015fkil\u00e2t\u0131 Ba\u015fkanl\u0131\u011f\u0131na yap\u0131lacak baz\u0131 ta\u015f\u0131t teslimleri KDV\u2019den istisna edilmi\u015ftir. (Bkz. 2025\/050 no.lu Sirk\u00fclerimiz)<\/p>\n\n\n\n<p>55 no.lu Tebli\u011f ile KDV Genel Uygulama Tebli\u011finin (II\/B-17.4.2.) b\u00f6l\u00fcm\u00fcnden sonra&nbsp;<em>\u201c18. Milli Savunma ve \u0130\u00e7 G\u00fcvenlik \u0130htiya\u00e7lar\u0131nda Kullan\u0131lmak \u00dczere Ta\u015f\u0131t Teslimi\u201d<\/em>&nbsp;ba\u015fl\u0131kl\u0131 b\u00f6l\u00fcm\u00fc eklenerek, konuya ili\u015fkin a\u00e7\u0131klamalara yer verilmi\u015ftir.<\/p>\n\n\n\n<p>\u0130stisna kapsam\u0131na:<\/p>\n\n\n\n<ul>\n<li>87.03 tarife pozisyonunda yer alan ara\u00e7lardan sadece hafif ticari ara\u00e7 (panelvan) t\u00fcr\u00fc ara\u00e7lar,<\/li>\n\n\n\n<li>87.04 tarife pozisyonundaki e\u015fya ta\u015f\u0131maya mahsus ara\u00e7lar,<\/li>\n\n\n\n<li>87.11 tarife pozisyonundaki motosikletler<\/li>\n<\/ul>\n\n\n\n<p>girmektedir.<\/p>\n\n\n\n<p>\u0130stisnadan yararlanabilmek i\u00e7in ilgili kurulu\u015flar\u0131n, ta\u015f\u0131t listesiyle birlikte Defterdarl\u0131\u011f\u0131na ba\u015fvurarak istisna belgesi (EK:34) almas\u0131 ve bu belge ile onayl\u0131 listenin sat\u0131c\u0131lara veya g\u00fcmr\u00fck idaresine ibraz edilmesi gerekmektedir. Sat\u0131c\u0131 taraf\u0131ndan d\u00fczenlenen faturada KDV g\u00f6sterilmeyecek, sadece&nbsp;<em>\u201c3065 say\u0131l\u0131 Kanunun 13\/o maddesi uyar\u0131nca KDV hesaplanmam\u0131\u015ft\u0131r\u201d<\/em>&nbsp;ibaresine yer verilecektir.<\/p>\n\n\n\n<p>Bu i\u015flemler KDV beyannamesinde,&nbsp;<em>\u201c\u0130stisnalar \u2013 Di\u011fer \u0130ade Hakk\u0131 Do\u011furan \u0130\u015flemler\u201d<\/em>&nbsp;kulak\u00e7\u0131\u011f\u0131nda 344 kodu&nbsp;<em>\u201cMilli Savunma ve \u0130\u00e7 G\u00fcvenlik \u0130htiya\u00e7lar\u0131nda Kullan\u0131lmak \u00dczere Ta\u015f\u0131t Teslimi\u201d<\/em>&nbsp;\u00fczerinden bildirilecektir. Bu sat\u0131r\u0131n \u201cTeslim ve Hizmet Tutar\u0131\u201d s\u00fctununa istisnaya konu teslimin KDV hari\u00e7 tutar\u0131, \u201cY\u00fcklenilen KDV\u201d s\u00fctununa bu teslime ili\u015fkin al\u0131\u015f ve giderlere ait belgelerde g\u00f6sterilen toplam KDV tutar\u0131 yaz\u0131lacakt\u0131r. \u0130ade talep etmek istemeyen m\u00fckellefler \u201cY\u00fcklenilen KDV\u201d s\u00fctununa \u201c0\u201d yazmal\u0131d\u0131r.<\/p>\n\n\n\n<p>\u0130ade taleplerinde; mahsuben iade i\u015flemleri herhangi bir tutar s\u0131n\u0131r\u0131 olmaks\u0131z\u0131n, nakden iadeler ise 50.000 TL\u2019ye kadar inceleme raporu, YMM raporu veya teminat aranmadan yerine getirilecektir. 50.000 TL\u2019yi a\u015fan nakit iadeler inceleme veya YMM raporuna g\u00f6re sonu\u00e7land\u0131r\u0131lacak; teminat verilmesi halinde iade yap\u0131lacak, teminat ise rapor sonucuna g\u00f6re \u00e7\u00f6z\u00fclecektir.<\/p>\n\n\n\n<p>Sat\u0131c\u0131n\u0131n belge olmadan istisna uygulamas\u0131 halinde, istisna nedeniyle&nbsp;ziyaa&nbsp;u\u011frat\u0131lan vergi, ceza, zam ve faizlerden teslimi yapan sat\u0131c\u0131 m\u00fckellef ile birlikte kendisine teslim yap\u0131lan ilgili kurulu\u015f da&nbsp;m\u00fcteselsilen&nbsp;sorumlu olacakt\u0131r.<\/p>\n\n\n\n<p>Kendisine istisna belgesi ibraz edilen sat\u0131c\u0131 m\u00fckellef\u00e7e, ba\u015fka bir \u015fart aramaks\u0131z\u0131n istisna kapsam\u0131nda i\u015flem yap\u0131lacakt\u0131r. Daha sonra i\u015flemin, istisna i\u00e7in ilgili d\u00fczenlemelerde belirtilen \u015fartlar\u0131 ba\u015ftan ta\u015f\u0131mad\u0131\u011f\u0131 ya da \u015fartlar\u0131n daha sonra ihlal edildi\u011finin tespiti halinde,&nbsp;ziyaa&nbsp;u\u011frat\u0131lan vergi ile buna ba\u011fl\u0131 ceza, faiz ve zamlar, kendisine istisna kapsam\u0131nda teslim yap\u0131lan kurulu\u015ftan aranacakt\u0131r.<\/p>\n\n\n\n<ol start=\"4\">\n<li><strong>\u0130malat ve Turizm Yat\u0131r\u0131mlar\u0131nda KDV \u0130stisna S\u00fcresinin Uzat\u0131lmas\u0131 (KDVK Ge\u00e7ici Madde 37):<\/strong><\/li>\n<\/ol>\n\n\n\n<p>KDV Kanununun Ge\u00e7ici 37\u2019nci maddesi kapsam\u0131nda, imalat sanayii ile turizme y\u00f6nelik yat\u0131r\u0131m te\u015fvik belgesi sahibi m\u00fckelleflerin belge kapsam\u0131ndaki in\u015faat i\u015flerine ili\u015fkin mal teslimleri ve hizmet ifalar\u0131nda uygulanan KDV istisnas\u0131n\u0131n s\u00fcresi, 9770 say\u0131l\u0131 Cumhurba\u015fkan\u0131 Karar\u0131 ile 31.12.2028 tarihine kadar uzat\u0131lm\u0131\u015f idi. (Bkz. 2025\/045 no.lu Sirk\u00fclerimiz).<\/p>\n\n\n\n<p>Bu Tebli\u011f ile s\u00f6z konusu d\u00fczenlemeye ili\u015fkin olarak KDV Genel Uygulama Tebli\u011finin (II\/E-7\/A.1.) b\u00f6l\u00fcm\u00fcnde yer alan a\u00e7\u0131klamalar&nbsp;<em>\u201c31\/12\/2028\u201d<\/em>&nbsp;olarak g\u00fcncellenmi\u015ftir.<\/p>\n\n\n\n<ol start=\"5\">\n<li><strong>Mazbut Vak\u0131flar\u0131n M\u00fclkiyetinde Bulunan Ta\u015f\u0131nmazlar\u0131n Sat\u0131\u015f\u0131nda \u0130stisna (KDVK Madde 17\/4-p):<\/strong><\/li>\n<\/ol>\n\n\n\n<p>KDV Kanununun 17\/4-p maddesine 7555 say\u0131l\u0131 Kanunla eklenen h\u00fck\u00fcm uyar\u0131nca, Vak\u0131flar Genel M\u00fcd\u00fcrl\u00fc\u011f\u00fcn\u00fcn y\u00f6netti\u011fi ve temsil etti\u011fi mazbut vak\u0131flar\u0131n m\u00fclkiyetinde bulunan ta\u015f\u0131nmazlar\u0131n sat\u0131\u015f\u0131 KDV\u2019den istisna edilmi\u015ftir. (Bkz. 2025\/050 no.lu Sirk\u00fclerimiz).<\/p>\n\n\n\n<p>55 no.lu Tebli\u011f ile KDV Genel Uygulama Tebli\u011finin (II\/F-4.15.) b\u00f6l\u00fcm\u00fcnde yap\u0131lan de\u011fi\u015fiklikle konuya&nbsp;ili\u015fkin a\u00e7\u0131klamalara yer verilmi\u015ftir.&nbsp;<\/p>\n\n\n\n<p>Tebli\u011fe g\u00f6re;<\/p>\n\n\n\n<p><em>\u201cHazinece yap\u0131lan ta\u015f\u0131nmaz teslimi ve kiralamalar\u0131, irtifak hakk\u0131 tesisi, kullanma izni ve \u00f6n izin verilmesi i\u015flemleri, Kentsel D\u00f6n\u00fc\u015f\u00fcm Ba\u015fkanl\u0131\u011f\u0131 ile TOK\u0130 Ba\u015fkanl\u0131\u011f\u0131nca yap\u0131lan arsa ve arazi teslimleri ile Vak\u0131flar Genel M\u00fcd\u00fcrl\u00fc\u011f\u00fcn\u00fcn y\u00f6netti\u011fi ve temsil etti\u011fi mazbut vak\u0131flar\u0131n m\u00fclkiyetinde bulunan ta\u015f\u0131nmazlar\u0131n sat\u0131\u015f\u0131 suretiyle ger\u00e7ekle\u015fen devir ve teslimler KDV\u2019den m\u00fcstesnad\u0131r.\u201d<\/em><\/p>\n\n\n\n<p><em>\u201cKentsel D\u00f6n\u00fc\u015f\u00fcm Ba\u015fkanl\u0131\u011f\u0131 ile&nbsp;TOK\u0130\u2019ye&nbsp;tan\u0131nan istisna ise bu kurumlar\u0131n yapaca\u011f\u0131 arsa ve arazi teslimleri ile s\u0131n\u0131rl\u0131d\u0131r. Kentsel D\u00f6n\u00fc\u015f\u00fcm Ba\u015fkanl\u0131\u011f\u0131 ile TOK\u0130 taraf\u0131ndan arazi ve arsa d\u0131\u015f\u0131nda yap\u0131lacak ta\u015f\u0131nmaz teslimleri (konut, bina, i\u015fyeri, sosyal tesis vb.) ve hizmetlere genel h\u00fck\u00fcmler \u00e7er\u00e7evesinde KDV uygulan\u0131r.\u201d<\/em><\/p>\n\n\n\n<p><em>\u201cVak\u0131flar Genel M\u00fcd\u00fcrl\u00fc\u011f\u00fcn\u00fcn y\u00f6netti\u011fi ve temsil etti\u011fi mazbut vak\u0131flar\u0131n m\u00fclkiyetinde bulunan ta\u015f\u0131nmazlar\u0131n sat\u0131\u015f\u0131 KDV\u2019den istisnad\u0131r. Genel M\u00fcd\u00fcrl\u00fc\u011f\u00fcn m\u00fclkiyetindeki ta\u015f\u0131nmazlar ile Genel M\u00fcd\u00fcrl\u00fck taraf\u0131ndan y\u00f6netilmeyen veya temsil edilmeyen vak\u0131flar\u0131n m\u00fclkiyetinde bulunan ta\u015f\u0131nmazlar\u0131n sat\u0131\u015f\u0131 ise istisna kapsam\u0131nda de\u011fildir.\u201d<\/em><\/p>\n\n\n\n<ol start=\"6\">\n<li><strong>Petrol \u00dcr\u00fcnleri \u0130thalat\u0131nda Hesaplanan \u00d6TV Teminat\u0131n\u0131n KDV Matrah\u0131na Dahil Edilmesi (KDVK Madde 21):<\/strong><\/li>\n<\/ol>\n\n\n\n<p>Bilindi\u011fi \u00fczere, Katma De\u011fer Vergisi Kanununun \u201c<strong>\u0130thalatta Matrah<\/strong>\u201d ba\u015fl\u0131kl\u0131 21 inci maddesine 7555 say\u0131l\u0131 Kanunla eklenen (\u00e7) bendi uyar\u0131nca; \u00d6TV Kanununa ekli (I) say\u0131l\u0131 listede yer alan petrol \u00fcr\u00fcnlerinin ithalinde hesaplan\u0131p teminata ba\u011flanan \u00d6TV tutarlar\u0131, KDV matrah\u0131na dahil edilmek suretiyle, ithalatta KDV matrah\u0131 geni\u015fletilmi\u015ftir. (Bkz. 2025\/050 no.lu Sirk\u00fclerimiz).<\/p>\n\n\n\n<p>55 no.lu Tebli\u011f ile KDV Genel Uygulama Tebli\u011finin (III\/A-2.) b\u00f6l\u00fcm\u00fcne bu kapsamda yeni paragraflar ilave edilmi\u015f ve \u00f6rnek verilmi\u015ftir.<\/p>\n\n\n\n<p>Buna g\u00f6re;<\/p>\n\n\n\n<ul>\n<li>Teminat kar\u015f\u0131l\u0131\u011f\u0131 ithal edilen (I) say\u0131l\u0131 listedeki mal\u0131n teminat\u0131n\u0131n hesaplanmas\u0131na esas \u00d6TV tutar\u0131 ithalatta KDV matrah\u0131na dahil edilecek olup, bu tutar dahil mal\u0131n ithalat bedeli \u00fczerinden KDV hesaplanacakt\u0131r.<\/li>\n\n\n\n<li>\u0130thalat s\u0131ras\u0131nda \u00f6denen ve g\u00fcmr\u00fck makbuzu \u00fczerinde g\u00f6sterilen KDV\u2019nin, m\u00fckellefler taraf\u0131ndan indirim konusu yap\u0131lmas\u0131 m\u00fcmk\u00fcn bulunmaktad\u0131r.<\/li>\n\n\n\n<li>4760 say\u0131l\u0131 Kanuna ekli (I) say\u0131l\u0131 listedeki mallar\u0131n ithal edildikten sonra ithalat\u00e7\u0131lar\u0131 taraf\u0131ndan yurt i\u00e7inde tesliminde, \u00d6TV tutar\u0131 dahil toplam i\u015flem bedeli \u00fczerinden KDV hesaplanmas\u0131 gerekmektedir.<\/li>\n<\/ul>\n\n\n\n<ol start=\"7\">\n<li><strong>Amortismana Tabi \u0130ktisadi K\u0131ymetlerde (AT\u0130K) \u0130ade Uygulamas\u0131<\/strong><\/li>\n<\/ol>\n\n\n\n<p>Tebli\u011fin 7 inci maddesi ile KDV Genel Uygulama Tebli\u011finin \u201c<em>Amortismana Tabi \u0130ktisadi K\u0131ymetlerde \u0130ade Uygulamas\u0131\u201d<\/em>&nbsp;ba\u015fl\u0131kl\u0131 (IV\/A3-1.3.) b\u00f6l\u00fcm\u00fcne, AT\u0130K nedeniyle y\u00fcklenilen KDV&#8217;nin iade hesab\u0131na dahil edilmesine ili\u015fkin ayr\u0131nt\u0131l\u0131 a\u00e7\u0131klamalar ve hesaplama \u00f6rne\u011fi eklenmi\u015ftir.<\/p>\n\n\n\n<p>Tebli\u011fe g\u00f6re;<\/p>\n\n\n\n<p><em>\u201cAyn\u0131 \u015fekilde, m\u00fckelleflerin iadeye konu i\u015flemleri ile ilgili olarak KDV \u00f6demeksizin temin etti\u011fi mal ve hizmet al\u0131mlar\u0131na ili\u015fkin KDV iadesi talep etmeleri m\u00fcmk\u00fcn de\u011fildir. Bu durumda, iade hakk\u0131 do\u011furan i\u015flem bedeli ile KDV\u2019siz yap\u0131lan al\u0131m bedeli aras\u0131ndaki farka genel vergi oran\u0131 uygulanmak suretiyle azami iade edilebilir KDV tutar\u0131 bulunacakt\u0131r.<\/em><\/p>\n\n\n\n<p><em>AT\u0130K\u2019e&nbsp;ili\u015fkin y\u00fcklenilen KDV tutar\u0131ndan,&nbsp;AT\u0130K\u2019in&nbsp;iade hakk\u0131 do\u011furan i\u015flemlerde fiilen kullan\u0131lmaya ba\u015fland\u0131\u011f\u0131 tarihten itibaren bu i\u015flemlere ili\u015fkin y\u00fcklenilen ve indirim yoluyla giderilemeyen k\u0131sm\u0131 itibar\u0131yla pay verilmesi m\u00fcmk\u00fcnd\u00fcr.<\/em><\/p>\n\n\n\n<p><em>\u0130ade talebine konu i\u015flem bedelinin,&nbsp;AT\u0130K\u2019in&nbsp;aktife al\u0131narak fiilen kullan\u0131lmaya ba\u015fland\u0131\u011f\u0131 d\u00f6nemden itibaren iade talep edilen d\u00f6nem&nbsp;dahil&nbsp;AT\u0130K\u2019in&nbsp;kullan\u0131ld\u0131\u011f\u0131 t\u00fcm i\u015flemlerin toplam bedeline oranlanmas\u0131 ve&nbsp;AT\u0130K\u2019e&nbsp;ili\u015fkin y\u00fcklenilen KDV\u2019den iade talebine konu i\u015fleme ait orana isabet eden tutarda pay verilmesi gerekir.<\/em><\/p>\n\n\n\n<p><em>AT\u0130K\u2019in&nbsp;sonraki d\u00f6nemlerde de iade hakk\u0131 do\u011furan i\u015flemlerde kullan\u0131lmas\u0131 halinde iade talep edilen d\u00f6nem&nbsp;dahil&nbsp;iade hakk\u0131 do\u011furan i\u015flem bedelleri toplam\u0131n\u0131n bu d\u00f6nem dahil&nbsp;AT\u0130K\u2019in&nbsp;kullan\u0131ld\u0131\u011f\u0131 toplam i\u015flem bedeline oranlanmas\u0131 suretiyle&nbsp;AT\u0130K\u2019ten&nbsp;iade hesab\u0131na pay verilebilecek KDV tutar\u0131 belirlenir. \u00d6nceki d\u00f6nemlerde bu&nbsp;AT\u0130K\u2019ten&nbsp;iade hesab\u0131na pay verilen KDV tutar\u0131 d\u00fc\u015f\u00fcld\u00fckten sonra kalan tutar bu d\u00f6nemdeki iade hesab\u0131na pay verilecek KDV tutar\u0131 olacakt\u0131r.<\/em><\/p>\n\n\n\n<p><em>Ayr\u0131ca, her d\u00f6nem i\u00e7in yap\u0131lacak oranlama sonucunda bulunan&nbsp;AT\u0130K\u2019e&nbsp;ili\u015fkin y\u00fcklenilen KDV\u2019den iade hesab\u0131na verilebilecek azami pay tutar\u0131 ile \u00f6nceki d\u00f6nemlerde AT\u0130K\u2019e ili\u015fkin y\u00fcklenilen KDV\u2019den iade hesab\u0131na verilen pay tutarlar\u0131 toplam\u0131 aras\u0131ndaki fark kadar ilgili d\u00f6nemde iade hesab\u0131na pay verilebilece\u011finden, bu fark\u0131n menfi olmas\u0131 halinde bu d\u00f6nemde&nbsp;AT\u0130K\u2019e&nbsp;ili\u015fkin y\u00fcklenilen KDV\u2019den iade hesab\u0131na pay verilemeyecektir.<\/em><\/p>\n\n\n\n<p><em>\u0130lgili d\u00f6nemde iade hakk\u0131 do\u011furan i\u015flemler nedeniyle do\u011frudan y\u00fcklenimler ve genel giderlerden verilen pay sonras\u0131nda iade hesab\u0131na o d\u00f6nemde&nbsp;AT\u0130K\u2019e&nbsp;ili\u015fkin y\u00fcklenilen KDV\u2019den verilebilecek azami pay tutar\u0131ndan daha az tutarda pay verilmi\u015f olmas\u0131 halinde, iade hesab\u0131na&nbsp;dahil&nbsp;edilemeyen bu AT\u0130K KDV pay tutar\u0131n\u0131n sonraki d\u00f6nemlerde oranlama yap\u0131lmadan do\u011frudan iade hesab\u0131na dahil edilmesi m\u00fcmk\u00fcn de\u011fildir.<\/em><\/p>\n\n\n\n<p><em>\u00d6te yandan, iade hesab\u0131na&nbsp;AT\u0130K\u2019lerden&nbsp;verilecek pay tutar\u0131 hesab\u0131n\u0131n, AT\u0130K\u2019lerin aktife al\u0131narak fiilen kullan\u0131lmaya ba\u015fland\u0131\u011f\u0131 tarihten itibaren iade hakk\u0131 do\u011furan i\u015flemler ile toplam i\u015flemlerin bedeli dikkate al\u0131nmak suretiyle her bir ara\u00e7 i\u00e7in ayr\u0131&nbsp;ayr\u0131&nbsp;yap\u0131lmas\u0131 gerekmektedir. Ancak, birden fazla AT\u0130K kullan\u0131larak \u00fcretim yapan i\u015fletmelerde, iade hakk\u0131 do\u011furan i\u015flemlerde kullan\u0131lan ve ayn\u0131 vergilendirme d\u00f6neminde aktife kaydedilen&nbsp;AT\u0130K\u2019ler&nbsp;i\u00e7in ayr\u0131&nbsp;ayr\u0131&nbsp;hesaplama yap\u0131lmas\u0131na gerek olmay\u0131p bu&nbsp;AT\u0130K\u2019ler&nbsp;i\u00e7in tek bir hesaplama yap\u0131lmas\u0131 m\u00fcmk\u00fcnd\u00fcr.\u201d<\/em><\/p>\n\n\n\n<p>Tebli\u011fde s\u00f6z konusu a\u00e7\u0131klamalara ili\u015fkin ayr\u0131nt\u0131l\u0131 bir \u00f6rnek yer almakta olup, M\u00fckellef taraf\u0131ndan&nbsp;AT\u0130K\u2019e&nbsp;ili\u015fkin y\u00fcklenilen KDV\u2019den iade hesab\u0131na pay verilmesi durumunda, yukar\u0131da belirtilen bilgiler \u00e7er\u00e7evesinde haz\u0131rlanmas\u0131 ve iade dosyas\u0131na eklenmesi gereken tablo \u00f6rne\u011fine de yer verilmi\u015ftir.<\/p>\n\n\n\n<ol start=\"8\">\n<li><strong>\u0130ade Hakk\u0131 Do\u011furan \u0130\u015flemlerde \u0130ade Talebinde Bulunabilecek Asgari Tutar (KDVK Madde 36):<\/strong><\/li>\n<\/ol>\n\n\n\n<p>9582 say\u0131l\u0131 Cumhurba\u015fkan\u0131 Karar\u0131yla 01.04.2025 tarihinden itibaren yap\u0131lan i\u015flemlere uygulanmak \u00fczere m\u00fckelleflerin iade hakk\u0131 do\u011furan i\u015flemlerine ili\u015fkin olarak&nbsp;<a><\/a>iade talebinde bulunabilecekleri asgari tutar 2.000 TL\u2019den 10.000 TL\u2019ye y\u00fckseltilmi\u015ftir.<br>(Bkz. 2025\/041 no.lu Sirk\u00fclerimiz).<br><br>S\u00f6z konusu karar uyar\u0131nca, KDV Genel Uygulama Tebli\u011finin iade hakk\u0131 do\u011furan i\u015flemlerde iade talebinde bulunulabilecek asgari tutara ili\u015fkin (IV-A3\/1.7.) b\u00f6l\u00fcm\u00fcne, m\u00fckelleflerin iade hakk\u0131 do\u011furan i\u015flemlerinde iade talebinde bulunabilecekleri asgari tutar\u0131n 10.000 TL olarak belirlendi\u011fine ili\u015fkin a\u00e7\u0131klama eklenmi\u015ftir.<br><br>Sayg\u0131lar\u0131m\u0131zla,<\/p>\n","protected":false},"excerpt":{"rendered":"<p>KDV GENEL UYGULAMA TEBL\u0130\u011e\u0130NDE DE\u011e\u0130\u015e\u0130KL\u0130KLER YAPILMASINA DA\u0130R TEBL\u0130\u011e YAYIMLANMI\u015eTIR (55 Seri No.lu KDV Tebli\u011fi) 04.09.2025 tarihli ve 33007 say\u0131l\u0131 Resmi Gazetede yay\u0131mlanan&nbsp;55 Seri No.lu Tebli\u011f&nbsp;&nbsp;ile KDV Genel Uygulama Tebli\u011finde de\u011fi\u015fiklikler yap\u0131lm\u0131\u015ft\u0131r. Tebli\u011fde s\u0131ras\u0131yla; konular\u0131nda a\u00e7\u0131klamalar yap\u0131lm\u0131\u015ft\u0131r. Yay\u0131m tarihi itibariyle y\u00fcr\u00fcrl\u00fc\u011fe girmi\u015f olan 55 Seri No.lu KDV Tebli\u011fine ili\u015fkin a\u00e7\u0131klamalar\u0131m\u0131z a\u015fa\u011f\u0131daki gibidir: Tebli\u011f ile KDV Genel&#8230;<\/p>\n","protected":false},"author":3,"featured_media":0,"parent":0,"menu_order":0,"comment_status":"closed","ping_status":"closed","template":"","meta":{"_kad_post_transparent":"","_kad_post_title":"","_kad_post_layout":"","_kad_post_sidebar_id":"","_kad_post_content_style":"","_kad_post_vertical_padding":"","_kad_post_feature":"","_kad_post_feature_position":"","_kad_post_header":false,"_kad_post_footer":false,"_kad_post_classname":"","footnotes":""},"_links":{"self":[{"href":"http:\/\/www.arti-fikir.com\/index.php\/wp-json\/wp\/v2\/pages\/1072"}],"collection":[{"href":"http:\/\/www.arti-fikir.com\/index.php\/wp-json\/wp\/v2\/pages"}],"about":[{"href":"http:\/\/www.arti-fikir.com\/index.php\/wp-json\/wp\/v2\/types\/page"}],"author":[{"embeddable":true,"href":"http:\/\/www.arti-fikir.com\/index.php\/wp-json\/wp\/v2\/users\/3"}],"replies":[{"embeddable":true,"href":"http:\/\/www.arti-fikir.com\/index.php\/wp-json\/wp\/v2\/comments?post=1072"}],"version-history":[{"count":1,"href":"http:\/\/www.arti-fikir.com\/index.php\/wp-json\/wp\/v2\/pages\/1072\/revisions"}],"predecessor-version":[{"id":1073,"href":"http:\/\/www.arti-fikir.com\/index.php\/wp-json\/wp\/v2\/pages\/1072\/revisions\/1073"}],"wp:attachment":[{"href":"http:\/\/www.arti-fikir.com\/index.php\/wp-json\/wp\/v2\/media?parent=1072"}],"curies":[{"name":"wp","href":"https:\/\/api.w.org\/{rel}","templated":true}]}}