{"id":535,"date":"2024-03-23T14:04:20","date_gmt":"2024-03-23T14:04:20","guid":{"rendered":"http:\/\/www.arti-fikir.com\/?page_id=535"},"modified":"2024-03-23T14:05:30","modified_gmt":"2024-03-23T14:05:30","slug":"2024-8-kidem-tazminati-tavani","status":"publish","type":"page","link":"http:\/\/www.arti-fikir.com\/index.php\/2024-8-kidem-tazminati-tavani\/","title":{"rendered":"2024-8 K\u0131dem Tazminat\u0131 Tavan\u0131"},"content":{"rendered":"\t\t<div data-elementor-type=\"wp-page\" data-elementor-id=\"535\" class=\"elementor elementor-535\">\n\t\t\t\t<div class=\"elementor-element elementor-element-b81857d e-flex e-con-boxed e-con e-parent\" data-id=\"b81857d\" data-element_type=\"container\" data-settings=\"{&quot;background_background&quot;:&quot;classic&quot;}\">\n\t\t\t\t\t<div class=\"e-con-inner\">\n\t\t\t\t<div class=\"elementor-element elementor-element-93a2ed5 elementor-widget elementor-widget-heading\" data-id=\"93a2ed5\" data-element_type=\"widget\" data-widget_type=\"heading.default\">\n\t\t\t\t<div class=\"elementor-widget-container\">\n\t\t\t\t\t<h2 class=\"elementor-heading-title elementor-size-default\">Duyuru &amp; Sirk\u00fcler<\/h2>\t\t\t\t<\/div>\n\t\t\t\t<\/div>\n\t\t\t\t\t<\/div>\n\t\t\t\t<\/div>\n\t\t<div class=\"elementor-element elementor-element-4005790 e-flex e-con-boxed e-con e-parent\" data-id=\"4005790\" data-element_type=\"container\">\n\t\t\t\t\t<div class=\"e-con-inner\">\n\t\t<div class=\"elementor-element elementor-element-f001e5b e-flex e-con-boxed e-con e-child\" data-id=\"f001e5b\" data-element_type=\"container\">\n\t\t\t\t\t<div class=\"e-con-inner\">\n\t\t\t\t<div class=\"elementor-element elementor-element-81d67db elementor-widget elementor-widget-heading\" data-id=\"81d67db\" data-element_type=\"widget\" data-widget_type=\"heading.default\">\n\t\t\t\t<div class=\"elementor-widget-container\">\n\t\t\t\t\t<h2 class=\"elementor-heading-title elementor-size-default\">2024-8 K\u0131dem Tazminat\u0131 Tavan\u0131<\/h2>\t\t\t\t<\/div>\n\t\t\t\t<\/div>\n\t\t\t\t\t<\/div>\n\t\t\t\t<\/div>\n\t\t\t\t\t<\/div>\n\t\t\t\t<\/div>\n\t\t<div class=\"elementor-element elementor-element-28696c2 e-flex e-con-boxed e-con e-parent\" data-id=\"28696c2\" data-element_type=\"container\">\n\t\t\t\t\t<div class=\"e-con-inner\">\n\t\t<div class=\"elementor-element elementor-element-3c49a00 e-flex e-con-boxed e-con e-child\" data-id=\"3c49a00\" data-element_type=\"container\">\n\t\t\t\t\t<div class=\"e-con-inner\">\n\t\t\t\t<div class=\"elementor-element elementor-element-e6ae42e elementor-widget elementor-widget-heading\" data-id=\"e6ae42e\" data-element_type=\"widget\" data-widget_type=\"heading.default\">\n\t\t\t\t<div class=\"elementor-widget-container\">\n\t\t\t\t\t<h2 class=\"elementor-heading-title elementor-size-default\">23\/01\/2024<\/h2>\t\t\t\t<\/div>\n\t\t\t\t<\/div>\n\t\t\t\t<div class=\"elementor-element elementor-element-6c7ede1 elementor-widget elementor-widget-text-editor\" data-id=\"6c7ede1\" data-element_type=\"widget\" data-widget_type=\"text-editor.default\">\n\t\t\t\t<div class=\"elementor-widget-container\">\n\t\t\t\t\t\t\t\t\t<table style=\"margin-bottom: 0px; padding: 0px; border: 0px; font-variant-numeric: inherit; font-variant-east-asian: inherit; font-variant-alternates: inherit; font-variant-position: inherit; font-stretch: inherit; font-size: 16px; line-height: inherit; font-family: Helvetica, sans-serif; font-optical-sizing: inherit; font-kerning: inherit; font-feature-settings: inherit; font-variation-settings: inherit; vertical-align: baseline; border-collapse: collapse; border-spacing: 0px; color: rgb(95, 101, 103);\"><tbody style=\"margin: 0px; padding: 0px; border: 0px; font: inherit; vertical-align: baseline;\"><tr style=\"margin: 0px; padding: 0px; border: 0px; font: inherit; vertical-align: baseline;\"><td style=\"margin: 0px; padding: 0px; border: 0px; font: inherit; vertical-align: top; color: var(--vamtam-widget-text-lighter);\"><p style=\"margin-right: 0px; margin-bottom: 1em; margin-left: 0px; padding: 0px; border: 0px; font: inherit; vertical-align: baseline; -webkit-font-smoothing: antialiased;\"><span style=\"margin: 0px; padding: 0px; border: 0px; font-style: inherit; font-variant: inherit; font-weight: 700; font-stretch: inherit; font-size: inherit; line-height: inherit; font-family: inherit; font-optical-sizing: inherit; font-kerning: inherit; font-feature-settings: inherit; font-variation-settings: inherit; vertical-align: baseline; -webkit-font-smoothing: antialiased;\">SAYI&nbsp;&nbsp;&nbsp;&nbsp;&nbsp;&nbsp;&nbsp;&nbsp;&nbsp;&nbsp;&nbsp;&nbsp;&nbsp;<\/span><\/p><\/td><td colspan=\"2\" style=\"margin: 0px; padding: 0px; border: 0px; font: inherit; vertical-align: top; color: var(--vamtam-widget-text-lighter);\"><p style=\"margin-right: 0px; margin-bottom: 1em; margin-left: 0px; padding: 0px; border: 0px; font: inherit; vertical-align: baseline; -webkit-font-smoothing: antialiased;\"><span style=\"margin: 0px; padding: 0px; border: 0px; font-style: inherit; font-variant: inherit; font-weight: 700; font-stretch: inherit; font-size: inherit; line-height: inherit; font-family: inherit; font-optical-sizing: inherit; font-kerning: inherit; font-feature-settings: inherit; font-variation-settings: inherit; vertical-align: baseline; -webkit-font-smoothing: antialiased;\">2024-8<\/span><\/p><\/td><\/tr><tr style=\"margin: 0px; padding: 0px; border: 0px; font: inherit; vertical-align: baseline;\"><td style=\"margin: 0px; padding: 0px; border: 0px; font: inherit; vertical-align: top; color: var(--vamtam-widget-text-lighter);\">&nbsp;<\/td><td colspan=\"2\" style=\"margin: 0px; padding: 0px; border: 0px; font: inherit; vertical-align: top; color: var(--vamtam-widget-text-lighter);\">&nbsp;<\/td><\/tr><tr style=\"margin: 0px; padding: 0px; border: 0px; font: inherit; vertical-align: baseline;\"><td style=\"margin: 0px; padding: 0px; border: 0px; font: inherit; vertical-align: top; color: var(--vamtam-widget-text-lighter);\"><p style=\"margin-right: 0px; margin-bottom: 1em; margin-left: 0px; padding: 0px; border: 0px; font: inherit; vertical-align: baseline; -webkit-font-smoothing: antialiased;\"><span style=\"margin: 0px; padding: 0px; border: 0px; font-style: inherit; font-variant: inherit; font-weight: 700; font-stretch: inherit; font-size: inherit; line-height: inherit; font-family: inherit; font-optical-sizing: inherit; font-kerning: inherit; font-feature-settings: inherit; font-variation-settings: inherit; vertical-align: baseline; -webkit-font-smoothing: antialiased;\">KONU&nbsp;&nbsp;&nbsp;&nbsp;&nbsp;&nbsp;&nbsp;<\/span><\/p><\/td><td colspan=\"2\" style=\"margin: 0px; padding: 0px; border: 0px; font: inherit; vertical-align: top; color: var(--vamtam-widget-text-lighter);\"><p style=\"margin-right: 0px; margin-bottom: 1em; margin-left: 0px; padding: 0px; border: 0px; font: inherit; vertical-align: baseline; -webkit-font-smoothing: antialiased;\"><span style=\"margin: 0px; padding: 0px; border: 0px; font-style: inherit; font-variant: inherit; font-stretch: inherit; font-size: inherit; line-height: inherit; font-family: inherit; font-optical-sizing: inherit; font-kerning: inherit; font-feature-settings: inherit; font-variation-settings: inherit; vertical-align: baseline; -webkit-font-smoothing: antialiased;\">2024 Y\u0131l\u0131 K\u0131dem Tazminat\u0131 Tavan\u0131 Belli Oldu<\/span><\/p><\/td><\/tr><tr style=\"margin: 0px; padding: 0px; border: 0px; font: inherit; vertical-align: baseline;\"><td style=\"margin: 0px; padding: 0px; border: 0px; font: inherit; vertical-align: top; color: var(--vamtam-widget-text-lighter);\"><p style=\"margin-right: 0px; margin-bottom: 1em; margin-left: 0px; padding: 0px; border: 0px; font: inherit; vertical-align: baseline; -webkit-font-smoothing: antialiased;\"><span style=\"margin: 0px; padding: 0px; border: 0px; font-style: inherit; font-variant: inherit; font-weight: 700; font-stretch: inherit; font-size: inherit; line-height: inherit; font-family: inherit; font-optical-sizing: inherit; font-kerning: inherit; font-feature-settings: inherit; font-variation-settings: inherit; vertical-align: baseline; -webkit-font-smoothing: antialiased;\">DAYANAK<\/span><\/p><\/td><td colspan=\"2\" style=\"margin: 0px; padding: 0px; border: 0px; font: inherit; vertical-align: top; color: var(--vamtam-widget-text-lighter);\"><p style=\"margin-right: 0px; margin-bottom: 1em; margin-left: 0px; padding: 0px; border: 0px; font: inherit; vertical-align: baseline; -webkit-font-smoothing: antialiased;\"><span style=\"margin: 0px; padding: 0px; border: 0px; font-style: inherit; font-variant: inherit; font-stretch: inherit; font-size: inherit; line-height: inherit; font-family: inherit; font-optical-sizing: inherit; font-kerning: inherit; font-feature-settings: inherit; font-variation-settings: inherit; vertical-align: baseline; -webkit-font-smoothing: antialiased;\">Hazine ve Maliye Bakanl\u0131\u011f\u0131 taraf\u0131ndan 05.01.2024 tarihinde yay\u0131mlanan 27998389-010.06.02-2774790 say\u0131 ve (1) s\u0131ra No.lu Genelge ile 01.01.2024-30.06.2024 d\u00f6neminde ge\u00e7erli olan memur maa\u015f katsay\u0131lar\u0131 yeniden belirlenmi\u015ftir.<\/span><\/p><\/td><\/tr><tr style=\"margin: 0px; padding: 0px; border: 0px; font: inherit; vertical-align: baseline;\"><td style=\"margin: 0px; padding: 0px; border: 0px; font: inherit; vertical-align: top; color: var(--vamtam-widget-text-lighter);\"><p style=\"margin-right: 0px; margin-bottom: 1em; margin-left: 0px; padding: 0px; border: 0px; font: inherit; vertical-align: baseline; -webkit-font-smoothing: antialiased;\"><span style=\"margin: 0px; padding: 0px; border: 0px; font-style: inherit; font-variant: inherit; font-weight: 700; font-stretch: inherit; font-size: inherit; line-height: inherit; font-family: inherit; font-optical-sizing: inherit; font-kerning: inherit; font-feature-settings: inherit; font-variation-settings: inherit; vertical-align: baseline; -webkit-font-smoothing: antialiased;\">\u00d6ZET<\/span><\/p><\/td><td colspan=\"2\" style=\"margin: 0px; padding: 0px; border: 0px; font: inherit; vertical-align: top; color: var(--vamtam-widget-text-lighter);\"><p style=\"margin-right: 0px; margin-bottom: 1em; margin-left: 0px; padding: 0px; border: 0px; font: inherit; vertical-align: baseline; -webkit-font-smoothing: antialiased;\"><span style=\"margin: 0px; padding: 0px; border: 0px; font-style: inherit; font-variant: inherit; font-stretch: inherit; font-size: inherit; line-height: inherit; font-family: inherit; font-optical-sizing: inherit; font-kerning: inherit; font-feature-settings: inherit; font-variation-settings: inherit; vertical-align: baseline; -webkit-font-smoothing: antialiased;\">Bu sirk\u00fclerde 2024 y\u0131l\u0131nda uygulanacak olan g\u00fcncel rakamlar yer almaktad\u0131r.<\/span><\/p><\/td><\/tr><\/tbody><\/table><p style=\"margin-right: 0px; margin-bottom: 1em; margin-left: 0px; padding: 0px; border: 0px; font-variant-numeric: inherit; font-variant-east-asian: inherit; font-variant-alternates: inherit; font-variant-position: inherit; font-stretch: inherit; font-size: 16px; line-height: inherit; font-family: Helvetica, sans-serif; font-optical-sizing: inherit; font-kerning: inherit; font-feature-settings: inherit; font-variation-settings: inherit; vertical-align: baseline; -webkit-font-smoothing: antialiased; color: rgb(95, 101, 103);\"><span style=\"margin: 0px; padding: 0px; border: 0px; font-style: inherit; font-variant: inherit; font-stretch: inherit; font-size: inherit; line-height: inherit; font-family: inherit; font-optical-sizing: inherit; font-kerning: inherit; font-feature-settings: inherit; font-variation-settings: inherit; vertical-align: baseline; -webkit-font-smoothing: antialiased;\">Belirlenen bu veriler&nbsp;<\/span><span style=\"margin: 0px; padding: 0px; border: 0px; font-style: inherit; font-variant: inherit; font-stretch: inherit; font-size: inherit; line-height: inherit; font-family: inherit; font-optical-sizing: inherit; font-kerning: inherit; font-feature-settings: inherit; font-variation-settings: inherit; vertical-align: baseline; -webkit-font-smoothing: antialiased;\">esas al\u0131narak&nbsp;<\/span><span style=\"margin: 0px; padding: 0px; border: 0px; font-style: inherit; font-variant: inherit; font-weight: 700; font-stretch: inherit; font-size: inherit; line-height: inherit; font-family: inherit; font-optical-sizing: inherit; font-kerning: inherit; font-feature-settings: inherit; font-variation-settings: inherit; vertical-align: baseline; -webkit-font-smoothing: antialiased;\">01.01.2024 tarihinden itibaren<\/span><span style=\"margin: 0px; padding: 0px; border: 0px; font-style: inherit; font-variant: inherit; font-stretch: inherit; font-size: inherit; line-height: inherit; font-family: inherit; font-optical-sizing: inherit; font-kerning: inherit; font-feature-settings: inherit; font-variation-settings: inherit; vertical-align: baseline; -webkit-font-smoothing: antialiased;\">&nbsp;Gelir vergisinden istisna tutulacak;&nbsp;<\/span><\/p><ul style=\"margin: 0px; padding-left: 0px; border: 0px; font-variant-numeric: inherit; font-variant-east-asian: inherit; font-variant-alternates: inherit; font-variant-position: inherit; font-stretch: inherit; font-size: 16px; line-height: inherit; font-family: Helvetica, sans-serif; font-optical-sizing: inherit; font-kerning: inherit; font-feature-settings: inherit; font-variation-settings: inherit; vertical-align: baseline; margin-block-start: 1em; padding-inline-start: 1.7em; color: rgb(95, 101, 103);\"><li aria-level=\"1\" style=\"margin: 0px; padding: 0px; border: 0px; font-style: inherit; font-variant: inherit; font-stretch: inherit; font-size: inherit; line-height: inherit; font-family: inherit; font-optical-sizing: inherit; font-kerning: inherit; font-feature-settings: inherit; font-variation-settings: inherit; vertical-align: baseline;\"><span style=\"margin: 0px; padding: 0px; border: 0px; font-style: inherit; font-variant: inherit; font-weight: 700; font-stretch: inherit; font-size: inherit; line-height: inherit; font-family: inherit; font-optical-sizing: inherit; font-kerning: inherit; font-feature-settings: inherit; font-variation-settings: inherit; vertical-align: baseline; -webkit-font-smoothing: antialiased;\">Y\u0131ll\u0131k<\/span>&nbsp;<span style=\"margin: 0px; padding: 0px; border: 0px; font-style: inherit; font-variant: inherit; font-weight: 700; font-stretch: inherit; font-size: inherit; line-height: inherit; font-family: inherit; font-optical-sizing: inherit; font-kerning: inherit; font-feature-settings: inherit; font-variation-settings: inherit; vertical-align: baseline; -webkit-font-smoothing: antialiased;\">K\u0131dem Tazminat\u0131 Tavan Tutar\u0131 35.058,58 TL,<\/span><\/li><\/ul><ul style=\"margin: 0px; padding-left: 0px; border: 0px; font-variant-numeric: inherit; font-variant-east-asian: inherit; font-variant-alternates: inherit; font-variant-position: inherit; font-stretch: inherit; font-size: 16px; line-height: inherit; font-family: Helvetica, sans-serif; font-optical-sizing: inherit; font-kerning: inherit; font-feature-settings: inherit; font-variation-settings: inherit; vertical-align: baseline; margin-block-start: 1em; padding-inline-start: 1.7em; color: rgb(95, 101, 103);\"><li aria-level=\"1\" style=\"margin: 0px; padding: 0px; border: 0px; font-style: inherit; font-variant: inherit; font-stretch: inherit; font-size: inherit; line-height: inherit; font-family: inherit; font-optical-sizing: inherit; font-kerning: inherit; font-feature-settings: inherit; font-variation-settings: inherit; vertical-align: baseline;\"><span style=\"margin: 0px; padding: 0px; border: 0px; font-style: inherit; font-variant: inherit; font-weight: 700; font-stretch: inherit; font-size: inherit; line-height: inherit; font-family: inherit; font-optical-sizing: inherit; font-kerning: inherit; font-feature-settings: inherit; font-variation-settings: inherit; vertical-align: baseline; -webkit-font-smoothing: antialiased;\">Ayl\u0131k \u00c7ocuk Yard\u0131m\u0131<\/span><span style=\"margin: 0px; padding: 0px; border: 0px; font: inherit; vertical-align: baseline; -webkit-font-smoothing: antialiased;\">;&nbsp;<\/span><\/li><\/ul><ul style=\"margin: 0px; padding-left: 0px; border: 0px; font-variant-numeric: inherit; font-variant-east-asian: inherit; font-variant-alternates: inherit; font-variant-position: inherit; font-stretch: inherit; font-size: 16px; line-height: inherit; font-family: Helvetica, sans-serif; font-optical-sizing: inherit; font-kerning: inherit; font-feature-settings: inherit; font-variation-settings: inherit; vertical-align: baseline; margin-block-start: 1em; padding-inline-start: 1.7em; color: rgb(95, 101, 103);\"><li aria-level=\"1\" style=\"margin: 0px; padding: 0px; border: 0px; font-style: inherit; font-variant: inherit; font-stretch: inherit; font-size: inherit; line-height: inherit; font-family: inherit; font-optical-sizing: inherit; font-kerning: inherit; font-feature-settings: inherit; font-variation-settings: inherit; vertical-align: baseline;\"><span style=\"margin: 0px; padding: 0px; border: 0px; font: inherit; vertical-align: baseline; -webkit-font-smoothing: antialiased;\">0-6 yas\u0327 grubu \u00e7ocuklar i\u00e7in&nbsp;<\/span><span style=\"margin: 0px; padding: 0px; border: 0px; font-style: inherit; font-variant: inherit; font-weight: 700; font-stretch: inherit; font-size: inherit; line-height: inherit; font-family: inherit; font-optical-sizing: inherit; font-kerning: inherit; font-feature-settings: inherit; font-variation-settings: inherit; vertical-align: baseline; -webkit-font-smoothing: antialiased;\">380,44 TL&nbsp;<\/span><span style=\"margin: 0px; padding: 0px; border: 0px; font: inherit; vertical-align: baseline; -webkit-font-smoothing: antialiased;\">ve&nbsp;<\/span><\/li><\/ul><ul style=\"margin: 0px; padding-left: 0px; border: 0px; font-variant-numeric: inherit; font-variant-east-asian: inherit; font-variant-alternates: inherit; font-variant-position: inherit; font-stretch: inherit; font-size: 16px; line-height: inherit; font-family: Helvetica, sans-serif; font-optical-sizing: inherit; font-kerning: inherit; font-feature-settings: inherit; font-variation-settings: inherit; vertical-align: baseline; margin-block-start: 1em; padding-inline-start: 1.7em; color: rgb(95, 101, 103);\"><li aria-level=\"1\" style=\"margin: 0px; padding: 0px; border: 0px; font-style: inherit; font-variant: inherit; font-stretch: inherit; font-size: inherit; line-height: inherit; font-family: inherit; font-optical-sizing: inherit; font-kerning: inherit; font-feature-settings: inherit; font-variation-settings: inherit; vertical-align: baseline;\"><span style=\"margin: 0px; padding: 0px; border: 0px; font: inherit; vertical-align: baseline; -webkit-font-smoothing: antialiased;\">Di\u011ferleri i\u00e7in&nbsp;<\/span><span style=\"margin: 0px; padding: 0px; border: 0px; font-style: inherit; font-variant: inherit; font-weight: 700; font-stretch: inherit; font-size: inherit; line-height: inherit; font-family: inherit; font-optical-sizing: inherit; font-kerning: inherit; font-feature-settings: inherit; font-variation-settings: inherit; vertical-align: baseline; -webkit-font-smoothing: antialiased;\">190,22 TL,<\/span><\/li><\/ul><p style=\"margin-right: 0px; margin-bottom: 1em; margin-left: 0px; padding: 0px; border: 0px; font-variant-numeric: inherit; font-variant-east-asian: inherit; font-variant-alternates: inherit; font-variant-position: inherit; font-stretch: inherit; font-size: 16px; line-height: inherit; font-family: Helvetica, sans-serif; font-optical-sizing: inherit; font-kerning: inherit; font-feature-settings: inherit; font-variation-settings: inherit; vertical-align: baseline; -webkit-font-smoothing: antialiased; color: rgb(95, 101, 103);\"><span style=\"margin: 0px; padding: 0px; border: 0px; font-style: inherit; font-variant: inherit; font-stretch: inherit; font-size: inherit; line-height: inherit; font-family: inherit; font-optical-sizing: inherit; font-kerning: inherit; font-feature-settings: inherit; font-variation-settings: inherit; vertical-align: baseline; -webkit-font-smoothing: antialiased;\">olarak uygulanacakt\u0131r.&nbsp;<\/span><\/p><p style=\"margin-right: 0px; margin-bottom: 1em; margin-left: 0px; padding: 0px; border: 0px; font-variant-numeric: inherit; font-variant-east-asian: inherit; font-variant-alternates: inherit; font-variant-position: inherit; font-stretch: inherit; font-size: 16px; line-height: inherit; font-family: Helvetica, sans-serif; font-optical-sizing: inherit; font-kerning: inherit; font-feature-settings: inherit; font-variation-settings: inherit; vertical-align: baseline; -webkit-font-smoothing: antialiased; color: rgb(95, 101, 103);\"><span style=\"margin: 0px; padding: 0px; border: 0px; font-style: inherit; font-variant: inherit; font-stretch: inherit; font-size: inherit; line-height: inherit; font-family: inherit; font-optical-sizing: inherit; font-kerning: inherit; font-feature-settings: inherit; font-variation-settings: inherit; vertical-align: baseline; -webkit-font-smoothing: antialiased;\">Bilgilerinize Sunulur.<\/span><\/p><p style=\"margin-right: 0px; margin-bottom: 1em; margin-left: 0px; padding: 0px; border: 0px; font-variant-numeric: inherit; font-variant-east-asian: inherit; font-variant-alternates: inherit; font-variant-position: inherit; font-stretch: inherit; font-size: 16px; line-height: inherit; font-family: Helvetica, sans-serif; font-optical-sizing: inherit; font-kerning: inherit; font-feature-settings: inherit; font-variation-settings: inherit; vertical-align: baseline; -webkit-font-smoothing: antialiased; color: rgb(95, 101, 103);\"><span style=\"margin: 0px; padding: 0px; border: 0px; font-style: inherit; font-variant: inherit; font-stretch: inherit; font-size: inherit; line-height: inherit; font-family: inherit; font-optical-sizing: inherit; font-kerning: inherit; font-feature-settings: inherit; font-variation-settings: inherit; vertical-align: baseline; -webkit-font-smoothing: antialiased;\">Sayg\u0131lar\u0131m\u0131zla.<\/span><\/p>\t\t\t\t\t\t\t\t<\/div>\n\t\t\t\t<\/div>\n\t\t\t\t\t<\/div>\n\t\t\t\t<\/div>\n\t\t\t\t\t<\/div>\n\t\t\t\t<\/div>\n\t\t\t\t<\/div>\n\t\t","protected":false},"excerpt":{"rendered":"<p>Duyuru &amp; Sirk\u00fcler 2024-8 K\u0131dem Tazminat\u0131 Tavan\u0131 23\/01\/2024 SAYI&nbsp;&nbsp;&nbsp;&nbsp;&nbsp;&nbsp;&nbsp;&nbsp;&nbsp;&nbsp;&nbsp;&nbsp;&nbsp; 2024-8 &nbsp; &nbsp; KONU&nbsp;&nbsp;&nbsp;&nbsp;&nbsp;&nbsp;&nbsp; 2024 Y\u0131l\u0131 K\u0131dem Tazminat\u0131 Tavan\u0131 Belli Oldu DAYANAK Hazine ve Maliye Bakanl\u0131\u011f\u0131 taraf\u0131ndan 05.01.2024 tarihinde yay\u0131mlanan 27998389-010.06.02-2774790 say\u0131 ve (1) s\u0131ra No.lu Genelge ile 01.01.2024-30.06.2024 d\u00f6neminde ge\u00e7erli olan memur maa\u015f katsay\u0131lar\u0131 yeniden belirlenmi\u015ftir. \u00d6ZET Bu sirk\u00fclerde 2024 y\u0131l\u0131nda uygulanacak olan g\u00fcncel rakamlar&#8230;<\/p>\n","protected":false},"author":1,"featured_media":0,"parent":0,"menu_order":0,"comment_status":"closed","ping_status":"closed","template":"","meta":{"_kad_post_transparent":"","_kad_post_title":"hide","_kad_post_layout":"fullwidth","_kad_post_sidebar_id":"","_kad_post_content_style":"unboxed","_kad_post_vertical_padding":"hide","_kad_post_feature":"hide","_kad_post_feature_position":"","_kad_post_header":false,"_kad_post_footer":false,"_kad_post_classname":"","footnotes":""},"_links":{"self":[{"href":"http:\/\/www.arti-fikir.com\/index.php\/wp-json\/wp\/v2\/pages\/535"}],"collection":[{"href":"http:\/\/www.arti-fikir.com\/index.php\/wp-json\/wp\/v2\/pages"}],"about":[{"href":"http:\/\/www.arti-fikir.com\/index.php\/wp-json\/wp\/v2\/types\/page"}],"author":[{"embeddable":true,"href":"http:\/\/www.arti-fikir.com\/index.php\/wp-json\/wp\/v2\/users\/1"}],"replies":[{"embeddable":true,"href":"http:\/\/www.arti-fikir.com\/index.php\/wp-json\/wp\/v2\/comments?post=535"}],"version-history":[{"count":4,"href":"http:\/\/www.arti-fikir.com\/index.php\/wp-json\/wp\/v2\/pages\/535\/revisions"}],"predecessor-version":[{"id":539,"href":"http:\/\/www.arti-fikir.com\/index.php\/wp-json\/wp\/v2\/pages\/535\/revisions\/539"}],"wp:attachment":[{"href":"http:\/\/www.arti-fikir.com\/index.php\/wp-json\/wp\/v2\/media?parent=535"}],"curies":[{"name":"wp","href":"https:\/\/api.w.org\/{rel}","templated":true}]}}